 tens digit of 6828?
2
What is the tens digit of 14275?
7
What is the tens digit of 49483?
8
What is the tens digit of 643?
4
What is the units digit of 1563?
3
What is the thousands digit of 1682?
1
What is the tens digit of 19130?
3
What is the hundreds digit of 406?
4
What is the hundreds digit of 9054?
0
What is the hundreds digit of 165866?
8
What is the units digit of 988?
8
What is the units digit of 4297?
7
What is the hundreds digit of 302?
3
What is the hundreds digit of 3862?
8
What is the hundreds digit of 2679?
6
What is the hundreds digit of 591?
5
What is the hundreds digit of 987?
9
What is the hundred thousands digit of 114749?
1
What is the tens digit of 562?
6
What is the tens digit of 2610?
1
What is the thousands digit of 13645?
3
What is the units digit of 11442?
2
What is the tens digit of 321?
2
What is the tens digit of 1011?
1
What is the units digit of 208?
8
What is the units digit of 848?
8
What is the tens digit of 3936?
3
What is the thousands digit of 15929?
5
What is the thousands digit of 10895?
0
What is the units digit of 557?
7
What is the units digit of 2848?
8
What is the hundreds digit of 865?
8
What is the units digit of 21214?
4
What is the hundreds digit of 5539?
5
What is the hundreds digit of 1031?
0
What is the tens digit of 11754?
5
What is the thousands digit of 1919?
1
What is the units digit of 740?
0
What is the tens digit of 1167?
6
What is the hundreds digit of 3954?
9
What is the units digit of 2463?
3
What is the tens digit of 1286?
8
What is the units digit of 20077?
7
What is the thousands digit of 195046?
5
What is the thousands digit of 12617?
2
What is the tens digit of 2840?
4
What is the hundreds digit of 5335?
3
What is the thousands digit of 6270?
6
What is the units digit of 2692?
2
What is the tens digit of 2924?
2
What is the hundreds digit of 4961?
9
What is the units digit of 5808?
8
What is the units digit of 377?
7
What is the units digit of 9425?
5
What is the thousands digit of 90956?
0
What is the tens digit of 7933?
3
What is the thousands digit of 12861?
2
What is the units digit of 2808?
8
What is the thousands digit of 1527?
1
What is the tens digit of 763?
6
What is the tens digit of 146?
4
What is the hundreds digit of 359?
3
What is the hundreds digit of 75160?
1
What is the hundreds digit of 3368?
3
What is the hundreds digit of 2390?
3
What is the units digit of 1005?
5
What is the units digit of 17001?
1
What is the tens digit of 1727?
2
What is the tens digit of 596?
9
What is the thousands digit of 16229?
6
What is the units digit of 10118?
8
What is the units digit of 1230?
0
What is the hundreds digit of 2314?
3
What is the tens digit of 195?
9
What is the hundreds digit of 2492?
4
What is the tens digit of 9038?
3
What is the units digit of 13898?
8
What is the hundreds digit of 2667?
6
What is the thousands digit of 23502?
3
What is the hundreds digit of 4109?
1
What is the tens digit of 4324?
2
What is the tens digit of 38208?
0
What is the thousands digit of 7196?
7
What is the hundreds digit of 1152?
1
What is the tens digit of 11337?
3
What is the ten thousands digit of 15775?
1
What is the hundreds digit of 60956?
9
What is the hundreds digit of 44721?
7
What is the thousands digit of 54258?
4
What is the thousands digit of 4151?
4
What is the tens digit of 86186?
8
What is the tens digit of 335?
3
What is the tens digit of 179575?
7
What is the hundreds digit of 24902?
9
What is the thousands digit of 10889?
0
What is the ten thousands digit of 74963?
7
What is the thousands digit of 51056?
1
What is the thousands digit of 1198?
1
What is the units digit of 31953?
3
What is the thousands digit of 50196?
0
What is the units digit of 7772?
2
What is the units digit of 51?
1
What is the tens digit of 10756?
5
What is the units digit of 22568?
8
What is the ten thousands digit of 47000?
4
What is the units digit of 31268?
8
What is the hundreds digit of 646?
6
What is the tens digit of 14920?
2
What is the thousands digit of 61167?
1
What is the ten thousands digit of 135654?
3
What is the units digit of 8503?
3
What is the tens digit of 27325?
2
What is the hundreds digit of 2497?
4
What is the tens digit of 227?
2
What is the units digit of 4724?
4
What is the units digit of 1115?
5
What is the ten thousands digit of 65132?
6
What is the ten thousands digit of 72146?
7
What is the units digit of 1904?
4
What is the units digit of 19857?
7
What is the thousands digit of 4694?
4
What is the tens digit of 1156?
5
What is the tens digit of 2987?
8
What is the ten thousands digit of 132019?
3
What is the hundreds digit of 684?
6
What is the units digit of 2456?
6
What is the thousands digit of 62550?
2
What is the units digit of 331?
1
What is the units digit of 3?
3
What is the tens digit of 7178?
7
What is the thousands digit of 2792?
2
What is the thousands digit of 2527?
2
What is the tens digit of 1565?
6
What is the units digit of 298?
8
What is the hundreds digit of 3344?
3
What is the hundreds digit of 10499?
4
What is the units digit of 919?
9
What is the thousands digit of 8065?
8
What is the units digit of 44190?
0
What is the tens digit of 126345?
4
What is the units digit of 425?
5
What is the hundreds digit of 3411?
4
What is the hundreds digit of 77429?
4
What is the units digit of 14529?
9
What is the hundreds digit of 398?
3
What is the hundreds digit of 4314?
3
What is the units digit of 12782?
2
What is the hundreds digit of 386?
3
What is the units digit of 32696?
6
What is the tens digit of 469?
6
What is the units digit of 326?
6
What is the tens digit of 49119?
1
What is the units digit of 144978?
8
What is the ten thousands digit of 23125?
2
What is the units digit of 11064?
4
What is the units digit of 576?
6
What is the units digit of 5685?
5
What is the units digit of 28134?
4
What is the tens digit of 52291?
9
What is the hundreds digit of 3305?
3
What is the hundreds digit of 10556?
5
What is the tens digit of 3871?
7
What is the ten thousands digit of 39849?
3
What is the units digit of 13237?
7
What is the thousands digit of 50661?
0
What is the tens digit of 7444?
4
What is the units digit of 460?
0
What is the thousands digit of 9024?
9
What is the hundreds digit of 1258?
2
What is the hundreds digit of 8988?
9
What is the hundreds digit of 1784?
7
What is the thousands digit of 2549?
2
What is the hundreds digit of 1233?
2
What is the thousands digit of 1437?
1
What is the thousands digit of 2111?
2
What is the thousands digit of 2206?
2
What is the thousands digit of 19304?
9
What is the hundreds digit of 845?
8
What is the thousands digit of 16546?
6
What is the thousands digit of 1734?
1
What is the units digit of 35787?
7
What is the units digit of 50214?
4
What is the hundreds digit of 157292?
2
What is the units digit of 4207?
7
What is the hundreds digit of 16709?
7
What is the units digit of 48184?
4
What is the hundreds digit of 6788?
7
What is the thousands digit of 1571?
1
What is the tens digit of 1570?
7
What is the units digit of 16483?
3
What is the tens digit of 1737?
3
What is the tens digit of 1123?
2
What is the tens digit of 21029?
2
What is the hundreds digit of 934?
9
What is the units digit of 2480?
0
What is the tens digit of 10072?
7
What is the hundreds digit of 3758?
7
What is the thousands digit of 33708?
3
What is the hundreds digit of 74896?
8
What is the units digit of 1379?
9
What is the hundreds digit of 19531?
5
What is the ten thousands digit of 32885?
3
What is the thousands digit of 1598?
1
What is the tens digit of 5479?
7
What is the ten thousands digit of 79538?
7
What is the units digit of 15330?
0
What is the thousands digit of 39675?
9
What is the units digit of 15531?
1
What is the thousands digit of 18834?
8
What is the units digit of 725?
5
What is the units digit of 12005?
5
What is the units digit of 29079?
9
What is the tens digit of 17669?
6
What is the units digit of 35460?
0
What is the hundreds digit of 752?
7
What is the hundreds digit of 33571?
5
What is the thousands digit of 77987?
7
What is the tens digit of 666?
6
What is the units digit of 28151?
1
What is the thousands digit of 21963?
1
What is the units digit of 9544?
4
What is the ten thousands digit of 10